{"id":23,"date":"2022-10-18T10:56:26","date_gmt":"2022-10-18T10:56:26","guid":{"rendered":"https:\/\/corsiscuola.ens.it\/?page_id=23"},"modified":"2023-03-24T11:29:22","modified_gmt":"2023-03-24T11:29:22","slug":"home","status":"publish","type":"page","link":"https:\/\/corsiscuola.ens.it\/","title":{"rendered":"Formazione e aggiornamento docenti (Direttiva 170\/2016) a.s. 2022-2023"},"content":{"rendered":"\t\t<div data-elementor-type=\"wp-page\" data-elementor-id=\"23\" class=\"elementor elementor-23\">\n\t\t\t\t\t\t\t\t\t<section class=\"elementor-section elementor-top-section elementor-element elementor-element-19f1d9d elementor-section-boxed elementor-section-height-default elementor-section-height-default\" data-id=\"19f1d9d\" data-element_type=\"section\">\n\t\t\t\t\t\t<div class=\"elementor-container elementor-column-gap-default\">\n\t\t\t\t\t<div class=\"elementor-column elementor-col-100 elementor-top-column elementor-element elementor-element-5c260cdc\" data-id=\"5c260cdc\" data-element_type=\"column\">\n\t\t\t<div class=\"elementor-widget-wrap elementor-element-populated\">\n\t\t\t\t\t\t\t\t<div class=\"elementor-element elementor-element-c0be628 elementor-aspect-ratio-169 elementor-widget elementor-widget-video\" data-id=\"c0be628\" data-element_type=\"widget\" data-settings=\"{&quot;youtube_url&quot;:&quot;https:\\\/\\\/youtu.be\\\/6karkd6kVjE&quot;,&quot;video_type&quot;:&quot;youtube&quot;,&quot;controls&quot;:&quot;yes&quot;,&quot;aspect_ratio&quot;:&quot;169&quot;}\" data-widget_type=\"video.default\">\n\t\t\t\t<div class=\"elementor-widget-container\">\n\t\t\t<style>\/*! elementor - v3.7.8 - 02-10-2022 *\/\n.elementor-widget-video .elementor-widget-container{overflow:hidden;-webkit-transform:translateZ(0);transform:translateZ(0)}.elementor-widget-video .elementor-open-inline .elementor-custom-embed-image-overlay{position:absolute;top:0;left:0;width:100%;height:100%;background-size:cover;background-position:50%}.elementor-widget-video .elementor-custom-embed-image-overlay{cursor:pointer;text-align:center}.elementor-widget-video .elementor-custom-embed-image-overlay:hover .elementor-custom-embed-play i{opacity:1}.elementor-widget-video .elementor-custom-embed-image-overlay img{display:block;width:100%}.elementor-widget-video .e-hosted-video .elementor-video{-o-object-fit:cover;object-fit:cover}.e-container>.elementor-widget-video{width:var(--container-widget-width,100%)}<\/style>\t\t<div class=\"elementor-wrapper elementor-fit-aspect-ratio elementor-open-inline\">\n\t\t\t<div class=\"elementor-video\"><\/div>\t\t<\/div>\n\t\t\t\t<\/div>\n\t\t\t\t<\/div>\n\t\t\t\t<div class=\"elementor-element elementor-element-b3fe410 elementor-button-info elementor-align-center elementor-widget elementor-widget-button\" data-id=\"b3fe410\" data-element_type=\"widget\" data-widget_type=\"button.default\">\n\t\t\t\t<div class=\"elementor-widget-container\">\n\t\t\t\t\t<div class=\"elementor-button-wrapper\">\n\t\t\t<a href=\"http:\/\/corsiscuola.ens.it\/wp-content\/uploads\/2023\/03\/Locandina-programma-edizioni-2022-2023.pdf\" target=\"_blank\" class=\"elementor-button-link elementor-button elementor-size-sm\" role=\"button\">\n\t\t\t\t\t\t<span class=\"elementor-button-content-wrapper\">\n\t\t\t\t\t\t<span class=\"elementor-button-text\">SCARICA LA LOCANDINA<\/span>\n\t\t<\/span>\n\t\t\t\t\t<\/a>\n\t\t<\/div>\n\t\t\t\t<\/div>\n\t\t\t\t<\/div>\n\t\t\t\t<div class=\"elementor-element elementor-element-bcdcf08 elementor-widget elementor-widget-text-editor\" data-id=\"bcdcf08\" data-element_type=\"widget\" data-widget_type=\"text-editor.default\">\n\t\t\t\t<div class=\"elementor-widget-container\">\n\t\t\t<style>\/*! elementor - v3.7.8 - 02-10-2022 *\/\n.elementor-widget-text-editor.elementor-drop-cap-view-stacked .elementor-drop-cap{background-color:#818a91;color:#fff}.elementor-widget-text-editor.elementor-drop-cap-view-framed .elementor-drop-cap{color:#818a91;border:3px solid;background-color:transparent}.elementor-widget-text-editor:not(.elementor-drop-cap-view-default) .elementor-drop-cap{margin-top:8px}.elementor-widget-text-editor:not(.elementor-drop-cap-view-default) .elementor-drop-cap-letter{width:1em;height:1em}.elementor-widget-text-editor .elementor-drop-cap{float:left;text-align:center;line-height:1;font-size:50px}.elementor-widget-text-editor .elementor-drop-cap-letter{display:inline-block}<\/style>\t\t\t\t<p><!-- wp:gallery {\"linkTo\":\"none\",\"sizeSlug\":\"full\"} --><\/p>\n<figure class=\"wp-block-gallery has-nested-images columns-default is-cropped\"><!-- wp:image {\"id\":37,\"sizeSlug\":\"large\",\"linkDestination\":\"none\"} -->\n<p>L\u2019ENS organizza per l\u2019anno scolastico 2022-2023 la nuova edizione del corso di sensibilizzazione \u201c<em>L\u2019alunno sordo e con altre disabilit\u00e0: risorse, esigenze e buone prassi<\/em>\u201d <strong>rivolto al personale docente della scuola proveniente da tutta Italia<\/strong> e riconosciuto dal Ministero dell\u2019Istruzione ai sensi della Direttiva 170\/2016.<\/p>\n<\/figure>\n<p><!-- \/wp:paragraph --><!-- wp:paragraph --><\/p>\n<p>Verranno organizzate almeno tre edizioni \u2013 online su piattaforma Zoom \u2013 per una durata complessiva di 30 ore di formazione teorica e pratica.<\/p>\n<p><!-- \/wp:paragraph --><!-- wp:paragraph --><\/p>\n<p>Le iscrizioni devono essere effettuate mediante la piattaforma S.O.F.I.A. &#8211; utilizzando le proprie credenziali fornite dal Ministero dell\u2019Istruzione &#8211; e successivamente perfezionate (<a href=\"https:\/\/corsiscuola.ens.it\/?page_id=44\">si veda pagina ISCRIZIONI<\/a>).<\/p>\n<p><!-- \/wp:paragraph --><!-- wp:paragraph --><\/p>\n<p>Obiettivo \u00e8 fornire ai docenti una panoramica sulle specifiche esigenze dell\u2019alunno sordo: verranno presentate e analizzate strategie e buone prassi da utilizzare nei diversi gradi scolastici, per una didattica funzionale ed efficace. Conoscere la sordit\u00e0 in tutti i suoi aspetti \u00e8 fondamentale cos\u00ec come tenere conto delle diverse tipologie di gravit\u00e0 e dei fattori che entrano in gioco: presenza o assenza di protesizzazione acustica e\/o impianto cocleare, modelli comunicativi, scelta e utilizzo della lingua, ecc. Per questo \u00e8 indispensabile conoscere lo studente anche attraverso la sua storia e background personali, cos\u00ec da poter lavorare con profitto sul suo bagaglio linguistico, comunicativo e culturale.<\/p>\n<p><!-- \/wp:paragraph --><!-- wp:paragraph --><\/p>\n<p>I calendari delle lezioni e le date di avvio sono in via di definizione.<\/p>\n<p><!-- \/wp:paragraph --><!-- wp:paragraph --><\/p>\n<p>L\u2019attestato di partecipazione potr\u00e0 essere scaricato direttamente dai docenti dalla piattaforma una volta terminato il corso e superata una verifica finale.<\/p>\n<p><!-- \/wp:paragraph --><!-- wp:paragraph --><\/p>\n<p>Per il personale non di ruolo l\u2019ENS sta valutando di organizzare un corso ad hoc.<\/p>\n<p><!-- \/wp:paragraph --><!-- wp:paragraph --><\/p>\n<p>Per ulteriori informazioni consultare le pagine del presente sito o inviare una mail a: corsimiur@ens.it<\/p>\n<p><!-- \/wp:paragraph --><\/p>\t\t\t\t\t\t<\/div>\n\t\t\t\t<\/div>\n\t\t\t\t\t<\/div>\n\t\t<\/div>\n\t\t\t\t\t\t\t<\/div>\n\t\t<\/section>\n\t\t\t\t\t\t\t<\/div>\n\t\t","protected":false},"excerpt":{"rendered":"<p>SCARICA LA LOCANDINA<\/p>\n","protected":false},"author":1,"featured_media":0,"parent":0,"menu_order":0,"comment_status":"closed","ping_status":"closed","template":"","meta":[],"_links":{"self":[{"href":"https:\/\/corsiscuola.ens.it\/index.php?rest_route=\/wp\/v2\/pages\/23"}],"collection":[{"href":"https:\/\/corsiscuola.ens.it\/index.php?rest_route=\/wp\/v2\/pages"}],"about":[{"href":"https:\/\/corsiscuola.ens.it\/index.php?rest_route=\/wp\/v2\/types\/page"}],"author":[{"embeddable":true,"href":"https:\/\/corsiscuola.ens.it\/index.php?rest_route=\/wp\/v2\/users\/1"}],"replies":[{"embeddable":true,"href":"https:\/\/corsiscuola.ens.it\/index.php?rest_route=%2Fwp%2Fv2%2Fcomments&post=23"}],"version-history":[{"count":29,"href":"https:\/\/corsiscuola.ens.it\/index.php?rest_route=\/wp\/v2\/pages\/23\/revisions"}],"predecessor-version":[{"id":270,"href":"https:\/\/corsiscuola.ens.it\/index.php?rest_route=\/wp\/v2\/pages\/23\/revisions\/270"}],"wp:attachment":[{"href":"https:\/\/corsiscuola.ens.it\/index.php?rest_route=%2Fwp%2Fv2%2Fmedia&parent=23"}],"curies":[{"name":"wp","href":"https:\/\/api.w.org\/{rel}","templated":true}]}}

<div data-elementor-type="wp-page" data-elementor-id="23" class="elementor elementor-23">
									<section class="elementor-section elementor-top-section elementor-element elementor-element-19f1d9d elementor-section-boxed elementor-section-height-default elementor-section-height-default" data-id="19f1d9d" data-element_type="section">
						<div class="elementor-container elementor-column-gap-default">
					<div class="elementor-column elementor-col-100 elementor-top-column elementor-element elementor-element-5c260cdc" data-id="5c260cdc" data-element_type="column">
			<div class="elementor-widget-wrap elementor-element-populated">
								<div class="elementor-element elementor-element-c0be628 elementor-aspect-ratio-169 elementor-widget elementor-widget-video" data-id="c0be628" data-element_type="widget" data-settings="{&quot;youtube_url&quot;:&quot;https:\/\/youtu.be\/6karkd6kVjE&quot;,&quot;video_type&quot;:&quot;youtube&quot;,&quot;controls&quot;:&quot;yes&quot;,&quot;aspect_ratio&quot;:&quot;169&quot;}" data-widget_type="video.default">
				<div class="elementor-widget-container">
			<style>/*! elementor - v3.7.8 - 02-10-2022 */
.elementor-widget-video .elementor-widget-container{overflow:hidden;-webkit-transform:translateZ(0);transform:translateZ(0)}.elementor-widget-video .elementor-open-inline .elementor-custom-embed-image-overlay{position:absolute;top:0;left:0;width:100%;height:100%;background-size:cover;background-position:50%}.elementor-widget-video .elementor-custom-embed-image-overlay{cursor:pointer;text-align:center}.elementor-widget-video .elementor-custom-embed-image-overlay:hover .elementor-custom-embed-play i{opacity:1}.elementor-widget-video .elementor-custom-embed-image-overlay img{display:block;width:100%}.elementor-widget-video .e-hosted-video .elementor-video{-o-object-fit:cover;object-fit:cover}.e-container>.elementor-widget-video{width:var(--container-widget-width,100%)}</style>		<div class="elementor-wrapper elementor-fit-aspect-ratio elementor-open-inline">
			<div class="elementor-video"></div>		</div>
				</div>
				</div>
				<div class="elementor-element elementor-element-b3fe410 elementor-button-info elementor-align-center elementor-widget elementor-widget-button" data-id="b3fe410" data-element_type="widget" data-widget_type="button.default">
				<div class="elementor-widget-container">
					<div class="elementor-button-wrapper">
			<a href="http://corsiscuola.ens.it/wp-content/uploads/2023/03/Locandina-programma-edizioni-2022-2023.pdf" target="_blank" class="elementor-button-link elementor-button elementor-size-sm" role="button">
						<span class="elementor-button-content-wrapper">
						<span class="elementor-button-text">SCARICA LA LOCANDINA</span>
		</span>
					</a>
		</div>
				</div>
				</div>
				<div class="elementor-element elementor-element-bcdcf08 elementor-widget elementor-widget-text-editor" data-id="bcdcf08" data-element_type="widget" data-widget_type="text-editor.default">
				<div class="elementor-widget-container">
			<style>/*! elementor - v3.7.8 - 02-10-2022 */
.elementor-widget-text-editor.elementor-drop-cap-view-stacked .elementor-drop-cap{background-color:#818a91;color:#fff}.elementor-widget-text-editor.elementor-drop-cap-view-framed .elementor-drop-cap{color:#818a91;border:3px solid;background-color:transparent}.elementor-widget-text-editor:not(.elementor-drop-cap-view-default) .elementor-drop-cap{margin-top:8px}.elementor-widget-text-editor:not(.elementor-drop-cap-view-default) .elementor-drop-cap-letter{width:1em;height:1em}.elementor-widget-text-editor .elementor-drop-cap{float:left;text-align:center;line-height:1;font-size:50px}.elementor-widget-text-editor .elementor-drop-cap-letter{display:inline-block}</style>				<p><!-- wp:gallery {"linkTo":"none","sizeSlug":"full"} --></p>
<figure class="wp-block-gallery has-nested-images columns-default is-cropped"><!-- wp:image {"id":37,"sizeSlug":"large","linkDestination":"none"} -->
<p>L’ENS organizza per l’anno scolastico 2022-2023 la nuova edizione del corso di sensibilizzazione “<em>L’alunno sordo e con altre disabilità: risorse, esigenze e buone prassi</em>” <strong>rivolto al personale docente della scuola proveniente da tutta Italia</strong> e riconosciuto dal Ministero dell’Istruzione ai sensi della Direttiva 170/2016.</p>
</figure>
<p><!-- /wp:paragraph --><!-- wp:paragraph --></p>
<p>Verranno organizzate almeno tre edizioni – online su piattaforma Zoom – per una durata complessiva di 30 ore di formazione teorica e pratica.</p>
<p><!-- /wp:paragraph --><!-- wp:paragraph --></p>
<p>Le iscrizioni devono essere effettuate mediante la piattaforma S.O.F.I.A. &#8211; utilizzando le proprie credenziali fornite dal Ministero dell’Istruzione &#8211; e successivamente perfezionate (<a href="https://corsiscuola.ens.it/?page_id=44">si veda pagina ISCRIZIONI</a>).</p>
<p><!-- /wp:paragraph --><!-- wp:paragraph --></p>
<p>Obiettivo è fornire ai docenti una panoramica sulle specifiche esigenze dell’alunno sordo: verranno presentate e analizzate strategie e buone prassi da utilizzare nei diversi gradi scolastici, per una didattica funzionale ed efficace. Conoscere la sordità in tutti i suoi aspetti è fondamentale così come tenere conto delle diverse tipologie di gravità e dei fattori che entrano in gioco: presenza o assenza di protesizzazione acustica e/o impianto cocleare, modelli comunicativi, scelta e utilizzo della lingua, ecc. Per questo è indispensabile conoscere lo studente anche attraverso la sua storia e background personali, così da poter lavorare con profitto sul suo bagaglio linguistico, comunicativo e culturale.</p>
<p><!-- /wp:paragraph --><!-- wp:paragraph --></p>
<p>I calendari delle lezioni e le date di avvio sono in via di definizione.</p>
<p><!-- /wp:paragraph --><!-- wp:paragraph --></p>
<p>L’attestato di partecipazione potrà essere scaricato direttamente dai docenti dalla piattaforma una volta terminato il corso e superata una verifica finale.</p>
<p><!-- /wp:paragraph --><!-- wp:paragraph --></p>
<p>Per il personale non di ruolo l’ENS sta valutando di organizzare un corso ad hoc.</p>
<p><!-- /wp:paragraph --><!-- wp:paragraph --></p>
<p>Per ulteriori informazioni consultare le pagine del presente sito o inviare una mail a: corsimiur@ens.it</p>
<p><!-- /wp:paragraph --></p>						</div>
				</div>
					</div>
		</div>
							</div>
		</section>
							</div>
